{"id":169,"date":"2019-04-01T08:29:24","date_gmt":"2019-04-01T08:29:24","guid":{"rendered":"https:\/\/demo.cocobasic.com\/pekko-wp\/?page_id=12"},"modified":"2022-03-30T16:00:18","modified_gmt":"2022-03-30T16:00:18","slug":"portfolio","status":"publish","type":"page","link":"https:\/\/www.comviral.es\/portfolio\/","title":{"rendered":"Portfolio de Comviral"},"content":{"rendered":"\t\t<div data-elementor-type=\"wp-page\" data-elementor-id=\"169\" class=\"elementor elementor-169\" data-elementor-settings=\"[]\">\n\t\t\t\t\t\t<div class=\"elementor-inner\">\n\t\t\t\t\t\t\t<div class=\"elementor-section-wrap\">\n\t\t\t\t\t\t\t<section data-particle_enable=\"false\" data-particle-mobile-disabled=\"false\" class=\"elementor-section elementor-top-section elementor-element elementor-element-21cd3dc elementor-section-boxed elementor-section-height-default elementor-section-height-default\" data-id=\"21cd3dc\" data-element_type=\"section\">\n\t\t\t\t\t\t<div class=\"elementor-container elementor-column-gap-default\">\n\t\t\t\t\t\t\t<div class=\"elementor-row\">\n\t\t\t\t\t<div class=\"elementor-column elementor-col-100 elementor-top-column elementor-element elementor-element-7c9655f\" data-id=\"7c9655f\" data-element_type=\"column\">\n\t\t\t<div class=\"elementor-column-wrap elementor-element-populated\">\n\t\t\t\t\t\t\t<div class=\"elementor-widget-wrap\">\n\t\t\t\t\t\t<div class=\"elementor-element elementor-element-3a50649 elementor-widget elementor-widget-coco-portfolio\" data-id=\"3a50649\" data-element_type=\"widget\" data-widget_type=\"coco-portfolio.default\">\n\t\t\t\t<div class=\"elementor-widget-container\">\n\t\t\t<div id=\"portfolio-wrapper\"><ul class=\"grid\" id=\"portfolio-grid\"><li class=\"grid-sizer\"><\/li><li id=\"p-item-927\" class=\"grid-item element-item animate p_one_hlaf\"><a class=\"item-link\" href=\"https:\/\/www.comviral.es\/portfolio\/?portfolio=webs\" data-id=\"927\"><img width=\"435\" height=\"900\" src=\"https:\/\/www.comviral.es\/portfolio\/wp-content\/uploads\/2019\/04\/web-cover-comviral.jpg\" class=\"attachment-post-thumbnail size-post-thumbnail wp-post-image\" alt=\"\" loading=\"lazy\" srcset=\"https:\/\/www.comviral.es\/portfolio\/wp-content\/uploads\/2019\/04\/web-cover-comviral.jpg 435w, https:\/\/www.comviral.es\/portfolio\/wp-content\/uploads\/2019\/04\/web-cover-comviral-145x300.jpg 145w\" sizes=\"(max-width: 435px) 100vw, 435px\" \/><div class=\"portfolio-text-holder\"><p class=\"portfolio-title\">WEBS<\/p><\/div><\/a><\/li><li id=\"p-item-196\" class=\"grid-item element-item animate p_one_hlaf\"><a class=\"item-link\" href=\"https:\/\/www.comviral.es\/portfolio\/?portfolio=video\" data-id=\"196\"><img width=\"435\" height=\"435\" src=\"https:\/\/www.comviral.es\/portfolio\/wp-content\/uploads\/2019\/03\/video-cover-comviral.jpg\" class=\"attachment-post-thumbnail size-post-thumbnail wp-post-image\" alt=\"\" loading=\"lazy\" srcset=\"https:\/\/www.comviral.es\/portfolio\/wp-content\/uploads\/2019\/03\/video-cover-comviral.jpg 435w, https:\/\/www.comviral.es\/portfolio\/wp-content\/uploads\/2019\/03\/video-cover-comviral-300x300.jpg 300w, https:\/\/www.comviral.es\/portfolio\/wp-content\/uploads\/2019\/03\/video-cover-comviral-150x150.jpg 150w\" sizes=\"(max-width: 435px) 100vw, 435px\" \/><div class=\"portfolio-text-holder\"><p class=\"portfolio-title\">V\u00edDEO<\/p><\/div><\/a><\/li><li id=\"p-item-197\" class=\"grid-item element-item animate p_one_hlaf\"><a class=\"item-link\" href=\"https:\/\/www.comviral.es\/portfolio\/?portfolio=diseno\" data-id=\"197\"><img width=\"900\" height=\"435\" src=\"https:\/\/www.comviral.es\/portfolio\/wp-content\/uploads\/2019\/03\/nuevodiseno.jpg\" class=\"attachment-post-thumbnail size-post-thumbnail wp-post-image\" alt=\"\" loading=\"lazy\" srcset=\"https:\/\/www.comviral.es\/portfolio\/wp-content\/uploads\/2019\/03\/nuevodiseno.jpg 900w, https:\/\/www.comviral.es\/portfolio\/wp-content\/uploads\/2019\/03\/nuevodiseno-300x145.jpg 300w, https:\/\/www.comviral.es\/portfolio\/wp-content\/uploads\/2019\/03\/nuevodiseno-768x371.jpg 768w\" sizes=\"(max-width: 900px) 100vw, 900px\" \/><div class=\"portfolio-text-holder\"><p class=\"portfolio-title\">DISE\u00d1O<\/p><\/div><\/a><\/li><li id=\"p-item-333\" class=\"grid-item element-item animate p_one_hlaf\"><a class=\"item-link\" href=\"https:\/\/www.comviral.es\/portfolio\/?portfolio=posicionamiento-seo\" data-id=\"333\"><img width=\"900\" height=\"435\" src=\"https:\/\/www.comviral.es\/portfolio\/wp-content\/uploads\/2019\/03\/seo-comviral.jpg\" class=\"attachment-post-thumbnail size-post-thumbnail wp-post-image\" alt=\"\" loading=\"lazy\" srcset=\"https:\/\/www.comviral.es\/portfolio\/wp-content\/uploads\/2019\/03\/seo-comviral.jpg 900w, https:\/\/www.comviral.es\/portfolio\/wp-content\/uploads\/2019\/03\/seo-comviral-300x145.jpg 300w, https:\/\/www.comviral.es\/portfolio\/wp-content\/uploads\/2019\/03\/seo-comviral-768x371.jpg 768w\" sizes=\"(max-width: 900px) 100vw, 900px\" \/><div class=\"portfolio-text-holder\"><p class=\"portfolio-title\">POSICIONAMIENTO SEO<\/p><\/div><\/a><\/li><li id=\"p-item-423\" class=\"grid-item element-item animate p_one_hlaf\"><a class=\"item-link\" href=\"https:\/\/www.comviral.es\/portfolio\/?portfolio=apps\" data-id=\"423\"><img width=\"900\" height=\"465\" src=\"https:\/\/www.comviral.es\/portfolio\/wp-content\/uploads\/2019\/03\/portfolio-app.jpg\" class=\"attachment-post-thumbnail size-post-thumbnail wp-post-image\" alt=\"\" loading=\"lazy\" srcset=\"https:\/\/www.comviral.es\/portfolio\/wp-content\/uploads\/2019\/03\/portfolio-app.jpg 900w, https:\/\/www.comviral.es\/portfolio\/wp-content\/uploads\/2019\/03\/portfolio-app-300x155.jpg 300w, https:\/\/www.comviral.es\/portfolio\/wp-content\/uploads\/2019\/03\/portfolio-app-768x397.jpg 768w\" sizes=\"(max-width: 900px) 100vw, 900px\" \/><div class=\"portfolio-text-holder\"><p class=\"portfolio-title\">APPS M\u00d3VILES<\/p><\/div><\/a><\/li><li id=\"p-item-345\" class=\"grid-item element-item animate p_one_hlaf\"><a class=\"item-link\" href=\"https:\/\/www.comviral.es\/portfolio\/?portfolio=pantallas-led\" data-id=\"345\"><img width=\"900\" height=\"435\" src=\"https:\/\/www.comviral.es\/portfolio\/wp-content\/uploads\/2019\/03\/pantalla-led.jpg\" class=\"attachment-post-thumbnail size-post-thumbnail wp-post-image\" alt=\"\" loading=\"lazy\" srcset=\"https:\/\/www.comviral.es\/portfolio\/wp-content\/uploads\/2019\/03\/pantalla-led.jpg 900w, https:\/\/www.comviral.es\/portfolio\/wp-content\/uploads\/2019\/03\/pantalla-led-300x145.jpg 300w, https:\/\/www.comviral.es\/portfolio\/wp-content\/uploads\/2019\/03\/pantalla-led-768x371.jpg 768w\" sizes=\"(max-width: 900px) 100vw, 900px\" \/><div class=\"portfolio-text-holder\"><p class=\"portfolio-title\">PANTALLAS LED<\/p><\/div><\/a><\/li><li id=\"p-item-19\" class=\"grid-item element-item animate p_one\"><a class=\"item-link\" href=\"https:\/\/www.comviral.es\/portfolio\/?portfolio=redes-sociales\" data-id=\"19\"><img width=\"750\" height=\"500\" src=\"https:\/\/www.comviral.es\/portfolio\/wp-content\/uploads\/2019\/03\/nuevorrss.jpg\" class=\"attachment-post-thumbnail size-post-thumbnail wp-post-image\" alt=\"\" loading=\"lazy\" srcset=\"https:\/\/www.comviral.es\/portfolio\/wp-content\/uploads\/2019\/03\/nuevorrss.jpg 750w, https:\/\/www.comviral.es\/portfolio\/wp-content\/uploads\/2019\/03\/nuevorrss-300x200.jpg 300w\" sizes=\"(max-width: 750px) 100vw, 750px\" \/><div class=\"portfolio-text-holder\"><p class=\"portfolio-title\">REDES SOCIALES<\/p><\/div><\/a><\/li><\/ul><div class=\"clear\"><\/div><\/div><div class = \"block center-relative center-text more-posts-portfolio-holder button\"><span class = \"more-posts-portfolio\">LOAD MORE<\/span><span class = \"more-posts-portfolio-loading\">LOADING<\/span><span class = \"no-more-posts-portfolio\">NO MORE<\/span><\/div>\t\t<\/div>\n\t\t\t\t<\/div>\n\t\t\t\t\t\t<\/div>\n\t\t\t\t\t<\/div>\n\t\t<\/div>\n\t\t\t\t\t\t\t\t<\/div>\n\t\t\t\t\t<\/div>\n\t\t<\/section>\n\t\t\t\t\t\t<\/div>\n\t\t\t\t\t\t<\/div>\n\t\t\t\t\t<\/div>\n\t\t","protected":false},"excerpt":{"rendered":"<p>WEBOS V\u00edDEO DISE\u00d1O POSICIONAMIENTO SEO APPS M\u00d3VILES PANTALLAS LED REDES SOCIALES LOAD MORELOADINGNO MORE<\/p>\n","protected":false},"author":1,"featured_media":0,"parent":0,"menu_order":0,"comment_status":"closed","ping_status":"closed","template":"","meta":[],"_links":{"self":[{"href":"https:\/\/www.comviral.es\/portfolio\/index.php?rest_route=\/wp\/v2\/pages\/169"}],"collection":[{"href":"https:\/\/www.comviral.es\/portfolio\/index.php?rest_route=\/wp\/v2\/pages"}],"about":[{"href":"https:\/\/www.comviral.es\/portfolio\/index.php?rest_route=\/wp\/v2\/types\/page"}],"author":[{"embeddable":true,"href":"https:\/\/www.comviral.es\/portfolio\/index.php?rest_route=\/wp\/v2\/users\/1"}],"replies":[{"embeddable":true,"href":"https:\/\/www.comviral.es\/portfolio\/index.php?rest_route=%2Fwp%2Fv2%2Fcomments&post=169"}],"version-history":[{"count":51,"href":"https:\/\/www.comviral.es\/portfolio\/index.php?rest_route=\/wp\/v2\/pages\/169\/revisions"}],"predecessor-version":[{"id":926,"href":"https:\/\/www.comviral.es\/portfolio\/index.php?rest_route=\/wp\/v2\/pages\/169\/revisions\/926"}],"wp:attachment":[{"href":"https:\/\/www.comviral.es\/portfolio\/index.php?rest_route=%2Fwp%2Fv2%2Fmedia&parent=169"}],"curies":[{"name":"wp","href":"https:\/\/api.w.org\/{rel}","templated":true}]}}